te the greatest common divisor of 20 and g.
5
Suppose 281 = -19*h - 422. Let v = -9 - 10. Let x = v - h. What is the greatest common factor of 126 and x?
18
Suppose 2*p = -3*v - 1, -3*p + 2*p - 5*v = 18. Let i be (-7)/(p/2)*-20. Calculate the highest common divisor of i and 10.
10
Let j = 19 + -11. Let k = 17 - -7. Calculate the highest common divisor of j and k.
8
Let v(r) = -12*r + 40. Let d be v(-15). Calculate the highest common factor of 44 and d.
44
Let m = 13 - -6. Let k(w) = -w**2 - w + 1. Let c be k(3). Let g = m + c. Calculate the highest common divisor of g and 1.
1
Let c = -52 + 35. Let x = c + 35. Suppose t = -t + 18. Calculate the highest common factor of t and x.
9
Let p = 17 + -10. Suppose -12*c = -p*c - 360. What is the highest common divisor of 18 and c?
18
Suppose 2*s - 6*s = -40. Let g be 176/12*30/4. What is the greatest common factor of g and s?
10
Let d = -65 + 137. Calculate the highest common factor of d and 9.
9
Suppose b = -2*b - 39. Let t = b - -18. Suppose 0 = -t*k + 85 - 5. Calculate the greatest common divisor of k and 32.
16
Suppose -x = x - 146. Let j = 168 - x. Calculate the highest common divisor of 38 and j.
19
Let p(l) be the first derivative of -l**4/4 + 4*l**3/3 + 2*l**2 - l + 6. Let t be p(4). Calculate the highest common divisor of 60 and t.
15
Suppose 5*m - m + 3*r - 567 = 0, 0 = -3*m - 4*r + 420. Calculate the greatest common factor of m and 18.
18
Let g(n) = 2*n - 4. Let f be g(3). Let c = -359 - -373. What is the highest common divisor of c and f?
2
Let l(w) be the third derivative of w**5/60 + 5*w**4/24 - w**3/3 - 2*w**2. Let p be l(5). What is the highest common divisor of 6 and p?
6
Let z(c) = -c**3 + 4*c**2 - 2*c. Let f be z(3). Calculate the highest common factor of 30 and f.
3
Let z = 20 - 14. What is the greatest common divisor of z and 78?
6
Let t = -103 - -202. Suppose -d + 13 = 4*k - 68, -4*k + 5*d + t = 0. Suppose -5*m = -k + 1. What is the highest common divisor of 10 and m?
2
Let v = -11 + 23. Suppose -14 + 2 = 2*f. Let w be v/(-9)*f/4. Calculate the highest common divisor of 8 and w.
2
Suppose -5*n = -10 - 5, -n - 183 = -v. What is the greatest common factor of v and 6?
6
Let d = -407 + 575. Suppose 0 = -6*n + 2*n + 96. What is the greatest common factor of n and d?
24
Suppose -3*i = 2*q - 0*q - 1, -2*i - 2 = 0. Suppose 104 - 40 = 4*j. What is the greatest common divisor of q and j?
2
Suppose 8*n - 36 = 60. What is the highest common factor of n and 108?
12
Let b(r) = -32*r**3 + r**2 - 1. Let w be b(-1). Calculate the highest common factor of 16 and w.
16
Let z be (-2 + (26 - -2))/(-1). Let i = z - -17. Let f = i + 14. What is the highest common factor of 5 and f?
5
Suppose -2*k = 8, 4*s + 2*k = 370 + 238. Let n = -26 + 40. What is the highest common factor of n and s?
14
Suppose -2*a = -3*a + 42. Suppose -5*y + 96 = -3*y. Suppose 4*f - 53 = 3*q + 22, 2*f + 2*q = y. Calculate the greatest common factor of a and f.
21
Let m(t) = t**3 - 8*t**2 + 5*t + 10. Let p be m(7). Let f = 2 + p. Let s be (-340)/(-25) + f/(-5). What is the greatest common factor of 28 and s?
14
Let f = -23 - -80. What is the greatest common factor of f and 38?
19
Let u be (-3 - -3 - 3) + 12. What is the greatest common divisor of 9 and u?
9
Let u be (-4)/(-3) - (-4)/6. Suppose -u*t + 0*t + 78 = 0. Calculate the highest common factor of 26 and t.
13
Suppose 3*u + 12 + 3 = 0. Let c = -7 - u. Let r be 42*(3 - (-5)/c). Calculate the greatest common divisor of r and 14.
7
Let j = -103 + 148. What is the greatest common divisor of j and 5?
5
Let t = 89 - 12. Calculate the greatest common divisor of t and 7.
7
Let q be (4 - 1) + -2 + -1. Suppose q = -2*o + 6*o - 48. Calculate the highest common factor of o and 96.
12
Let i(y) = y**3 + 8*y**2 + 2*y. Let t be i(-6). What is the highest common divisor of 30 and t?
30
Let y be -7 - -4 - 1*-1. Let h be y/(-3) - 4/(-3). Suppose -h*t = v - 50, 2*t - 19 = -5*v + 15. What is the highest common factor of 3 and t?
3
Let n(v) = v**2 - 6*v + 2. Let j be n(7). Suppose l - 45 = -t - 0*l, 0 = -2*t + l + 90. What is the highest common divisor of t and j?
9
Let h be -3*2/(-6) + -2. Let t be (-37)/h + (-1 - 1). Suppose 3*f - t = l, 3*f - 2*l - 40 = -0*l. Calculate the greatest common divisor of f and 10.
10
Suppose 3*i - 2 = -4*n, 2*i - 2 = 5*n + 7. Let s be ((-12)/10)/((-2)/5). Let v be n/(-6)*s*90. Calculate the highest common factor of v and 9.
9
Suppose 3*d + 1881 = 2*f, -2*f - 1782 = 3*d + 99. Let g be 2/6 - d/9. What is the greatest common divisor of g and 10?
10
Let d = 39 + 33. Suppose 0 = -2*q + 2*l + 8, 23 = 3*q + 2*l - 14. What is the greatest common factor of q and d?
9
Suppose -4*f - 51 = -163. Calculate the highest common divisor of f and 7.
7
Let w(h) = -h**2 - h + 2. Suppose 2*f + f = 0. Let a be w(f). Calculate the greatest common factor of a and 20.
2
Let r be -24*(-3 - 4/(-3)). Calculate the highest common factor of 8 and r.
8
Suppose 0 = 2*o + s + 129, 3*o + 0*o = 4*s - 210. Let g = -12 + 14. Let p be (o/(-4))/(1/g). Calculate the highest common factor of p and 22.
11
Let f = 43 + 5. Let c = -29 + 41. Calculate the highest common factor of f and c.
12
Let o = -36 + 21. Suppose 0*j = 2*j - 140. Let x = j + o. Calculate the greatest common divisor of x and 5.
5
Let v = -18 - -33. Suppose 5*o - a = a + 24, -v = -4*o + 3*a. Let w be (o - 2) + 2 + -1. Calculate the highest common factor of w and 10.
5
Let i = 50 + -35. What is the highest common factor of 105 and i?
15
Let l(u) = -9*u**3 + 2*u**2 + 3*u + 1. Let j be l(-1). Calculate the highest common divisor of j and 27.
9
Suppose 4*r = -0*r - 5*o - 3, -3*r - o + 6 = 0. Suppose 62 = r*l - 148. What is the highest common factor of l and 28?
14
Let b be ((-1)/(-2))/(1/18). Let f(m) = 3*m + 18. Let q be f(15). What is the greatest common factor of q and b?
9
Let l(i) = -i**3 - i + 3. Let f be l(0). Let z = 34 - 10. Calculate the highest common divisor of z and f.
3
Let s(v) = 5*v**2 - 11*v. Let l(b) = -4*b**2 + 11*b. Let y(w) = -4*l(w) - 3*s(w). Let i be y(7). Let z = -18 - i. What is the highest common factor of z and 25?
5
Let z = 0 - -117. Suppose -3*a = -4*t - 51, 2*a - t = 3*a - 10. Calculate the greatest common divisor of z and a.
13
Let f(k) = -4*k - 7. Let j be f(-3). Suppose -3*x - 81 = -5*q, -1 = -5*q + j*x + 74. Calculate the highest common factor of 72 and q.
18
Let k(m) = m**3 + 5*m**2 - m + 7. Suppose -5 = -0*c + c. Let n be k(c). Calculate the highest common divisor of 108 and n.
12
Suppose 5*p - 312 = -72. Let w(n) = n**3 - 6*n**2 - 6*n + 9. Let f be w(7). What is the greatest common divisor of f and p?
16
Let w = -4 - -3. Let l = -6 + w. Let d be l*(2 - (-32)/(-7)). What is the greatest common divisor of 54 and d?
18
Suppose -r + 32 = -5*x - 0*x, -3*x = 3*r - 6. What is the greatest common factor of r and 77?
7
Let m(o) = o**2 - o + 7. Suppose p + 2*p = 0. Let g be m(p). Let y(v) = v - 1. Let i be y(g). What is the greatest common divisor of 24 and i?
6
Let u = 53 - 29. What is the greatest common divisor of u and 24?
24
Suppose -59 = -2*k + k. Let q = 21 + k. Calculate the highest common factor of 16 and q.
16
Let b(g) = g**2 + g + 3. Let x be b(6). What is the highest common divisor of 15 and x?
15
Suppose -9*h + 877 - 202 = 0. Calculate the highest common divisor of 15 and h.
15
Let m be (-2 - -1) + 0 + 16. Let a = -3 + 8. Suppose a*k - 42 = 4*i, 0 = -k - 5*i + 10 + 10. Calculate the highest common divisor of m and k.
5
Let k = -10 + 14. Let s(x) = x**3 - 3*x**2 - 5*x + 3. Let t be s(k). Let a = 6 + t. What is the greatest common divisor of a and 15?
5
Let m be (-101)/(-9) + 4/(-18). Let v be 1 + 3 - 5 - -122. Calculate the greatest common divisor of v and m.
11
Suppose r + 2 = 14. Calculate the highest common divisor of r and 8.
4
Let m(s) = -73*s - 2. Let y be m(-2). Suppose -y = -5*p + 2*u, -5*p - 3*u + 159 = -0*u. Let l = -2 - -5. What is the highest common factor of p and l?
3
Let n be 195/(-9)*-2*3. Suppose -4*p = -3*p - n. Calculate the greatest common divisor of 13 and p.
13
Suppose 4 = l - 1. Suppose 40 + 33 = 4*b - l*y, 5*b = -3*y + 82. Calculate the highest common divisor of 85 and b.
17
Let t(v) = -v**3 + 8*v**2 + 15*v - 3. Let n be t(8). What is the highest common factor of 13 and n?
13
Let 